14?
2, 32188957
What are the prime factors of 572796214?
2, 211, 1357337
List the prime factors of 238426384.
2, 7, 113, 18839
What are the prime factors of 1394774847?
3, 31, 1483, 3371
What are the prime factors of 52691487?
3, 53, 283, 1171
List the prime factors of 266282751.
3, 7, 61, 97, 2143
List the prime factors of 63301158.
2, 3, 3516731
What are the prime factors of 65905984?
2, 19, 83, 653
List the prime factors of 29056236.
2, 3, 11, 220123
List the prime factors of 6109319.
2029, 3011
What are the prime factors of 18751942?
2, 11, 811, 1051
List the prime factors of 4922146121.
4922146121
What are the prime factors of 133010287?
133010287
List the prime factors of 3760869106.
2, 239, 241, 32647
List the prime factors of 97945936.
2, 11, 179, 3109
List the prime factors of 6601843938.
2, 3, 1100307323
What are the prime factors of 57636874?
2, 31, 929627
What are the prime factors of 345840714?
2, 3, 19213373
List the prime factors of 29824301.
13, 2294177
What are the prime factors of 241672620?
2, 3, 5, 7, 109, 5279
List the prime factors of 207198087.
3, 127, 543827
What are the prime factors of 139853849?
17, 8226697
What are the prime factors of 20463089?
457, 44777
List the prime factors of 1060834181.
11, 29, 251, 13249
List the prime factors of 9884731.
19, 41, 12689
What are the prime factors of 89031495?
3, 5, 7, 847919
What are the prime factors of 4717656447?
3, 7, 32092901
List the prime factors of 2156348698.
2, 7, 1019, 151153
What are the prime factors of 2114490094?
2, 1057245047
List the prime factors of 6814920377.
13291, 512747
List the prime factors of 5652344864.
2, 491, 359747
List the prime factors of 84437273.
19, 31, 143357
What are the prime factors of 1814658155?
5, 37, 41, 239243
List the prime factors of 2526196353.
3, 4463, 188677
What are the prime factors of 2145037739?
13, 12692531
What are the prime factors of 256660594?
2, 17, 31, 101, 2411
What are the prime factors of 105792795?
3, 5, 2350951
List the prime factors of 652289019.
3, 19, 67, 170801
List the prime factors of 313648724.
2, 97, 808373
List the prime factors of 10081498.
2, 7, 23, 131, 239
List the prime factors of 124902333.
3, 19, 29, 89, 283
List the prime factors of 28197279.
3, 11, 271, 1051
List the prime factors of 592638578.
2, 7, 167, 253481
List the prime factors of 2830574420.
2, 5, 141528721
List the prime factors of 221151074.
2, 47, 2352671
What are the prime factors of 4717924663?
277, 1093, 15583
List the prime factors of 426334281.
3, 142111427
What are the prime factors of 55005503?
7, 1811, 4339
List the prime factors of 608162579.
157, 3873647
What are the prime factors of 373676665?
5, 41, 43, 42391
What are the prime factors of 81288288?
2, 3, 17, 16603
What are the prime factors of 1648214531?
137, 12030763
What are the prime factors of 3698061959?
73, 1259, 40237
What are the prime factors of 4255397069?
7, 11, 55264897
What are the prime factors of 364501434?
2, 3, 11, 19, 290671
What are the prime factors of 98097787?
98097787
What are the prime factors of 730466621?
47, 15541843
What are the prime factors of 7000750089?
3, 19, 40940059
What are the prime factors of 626056329?
3, 5683, 36721
List the prime factors of 111693957.
3, 23, 163, 9931
List the prime factors of 2906747980.
2, 5, 83, 1751053
What are the prime factors of 357228909?
3, 39692101
List the prime factors of 19256642.
2, 31, 310591
What are the prime factors of 15202498?
2, 7601249
List the prime factors of 693090498.
2, 3, 31, 71, 1693
List the prime factors of 2057114882.
2, 13613, 75557
List the prime factors of 87150425.
5, 3486017
What are the prime factors of 244816013?
13, 37, 508973
What are the prime factors of 369173731?
369173731
What are the prime factors of 9100385?
5, 7, 260011
What are the prime factors of 3352170005?
5, 670434001
List the prime factors of 64891133.
53, 103, 11887
What are the prime factors of 12228904?
2, 1528613
What are the prime factors of 33880018?
2, 16940009
What are the prime factors of 52571942?
2, 179, 146849
List the prime factors of 42993492.
2, 3, 3582791
List the prime factors of 3138196952.
2, 11, 29, 111791
List the prime factors of 2046502764.
2, 3, 47, 1209517
List the prime factors of 9491794.
2, 13, 365069
What are the prime factors of 10856499?
3, 3618833
What are the prime factors of 3846538854?
2, 3, 61, 129749
List the prime factors of 114326147.
13, 1559, 5641
What are the prime factors of 663563351?
11, 60323941
What are the prime factors of 361695016?
2, 43, 59, 71, 251
What are the prime factors of 31874580?
2, 3, 5, 67, 881
List the prime factors of 17504012.
2, 23, 190261
List the prime factors of 41984398.
2, 181, 115979
List the prime factors of 32358114.
2, 3, 1797673
List the prime factors of 279531322.
2, 7, 4133, 4831
List the prime factors of 941773969.
19, 439, 112909
What are the prime factors of 2620563604?
2, 23, 503, 56629
What are the prime factors of 4945377094?
2, 7, 353241221
List the prime factors of 5837644298.
2, 2918822149
What are the prime factors of 470790062?
2, 743, 316817
What are the prime factors of 118002753?
3, 11, 1191947
What are the prime factors of 2536630690?
2, 5, 11, 17, 127, 971
What are the prime factors of 320093384?
2, 13, 337, 9133
List the prime factors of 1901085097.
15803, 120299
What are the prime factors of 236828464?
2, 19, 41, 19001
What are the prime factors of 2873935038?
2, 3, 13, 47, 641, 1223
What are the prime factors of 1228491925?
5, 2837, 17321
What are the prime factors of 278984171?
61, 1187, 3853
What are the prime factors of 88322520?
2, 3, 5, 11, 13, 5147
What are the prime factors of 512182074?
2, 3, 85363679
What are the prime factors of 242527242?
2, 3, 2251, 17957
List the prime factors of 25661079.
3, 2851231
List the prime factors of 27981821.
7, 3997403
List the prime factors of 172857030.
2, 3, 5, 5761901
List the prime factors of 894491418.
2, 3, 43, 1481, 2341
What are the prime factors of 757013599?
19, 37, 61, 127, 139
What are the prime factors of 246644421?
3, 82214807
What are the prime factors of 71026230?
2, 3, 5, 11, 101, 2131
List the prime factors of 36933364.
2, 13, 710257
What are the prime factors of 1021888213?
1021888213
What are the prime factors of 343946038?
2, 10903, 15773
List the prime factors of 1029664552.
2, 7, 23, 167, 4787
What are the prime factors of 16214028?
2, 3, 1351169
What are the prime factors of 1674462513?
3, 5281, 105691
What are the prime factors of 1326431998?
2, 257, 2580607
What are the prime factors of 6978146167?
41, 43, 3958109
What are the prime factors of 23201448?
2, 3, 966727
What are the prime factors of 15361372?
2, 13, 295411
List the prime factors of 122895054.
2, 3, 6827503
What are the prime factors of 23982514?
2, 23, 521359
What are the prime factors of 337516868?
2, 13, 6490709
What are the prime factors of 79791753?
3, 317, 83903
What are the prime factors of 94747147?
11, 29, 229, 1297
List the prime factors of 790246774.
2, 395123387
List the prime factors of 43024853.
647, 66499
What are the prime factors of 15483473?
53, 292141
What are the prime factors of 1979148649?
42701, 46349
List the prime factors of 2755589681.
13, 23, 9216019
What are the prime factors of 2441470999?
11, 23, 31, 311293
List the prime factors of 3629635431.
3, 1209878477
What are the prime factors of 57356567?
57356567
List the prime factors of 1097572603.
1097572603
What are the prime factors of 376644153?
3, 125548051
What are the prime factors of 27418643?
7, 107, 36607
List the prime factors of 87652792.
2, 823, 13313
List the prime factors of 11637946.
2, 61, 95393
List the prime factors of 149726013.
3, 37, 151, 8933
What are the prime factors of 21657469?
37, 585337
What are the prime factors of 14444458?
2, 7, 17, 137, 443
List the prime factors of 188977859.
7, 151, 25541
What are the prime factors of 17786430?
2, 3, 5, 229, 863
List the prime factors of 4496146992.
2, 3, 31223243
List the prime factors of 30527391.
3, 10175797
What are the prime factors of 941017288?
2, 29, 4056109
What are the prime factors of 60988965?
3, 5, 193, 21067
List the prime factors of 1005862373.
9547, 105359
What are the prime factors of 99876390?
2, 3, 5, 83, 40111
List the 